alculate the highest common divisor of 2464 and 3920576.
352
What is the highest common divisor of 11361087 and 54?
27
What is the highest common divisor of 82584 and 6262?
62
What is the greatest common divisor of 313992 and 77852572?
17444
Calculate the greatest common factor of 1233508 and 7006.
226
Calculate the greatest common factor of 4278166 and 9322.
158
Calculate the greatest common factor of 286527 and 917691.
447
Calculate the highest common factor of 485420 and 59280.
260
What is the greatest common factor of 688 and 9799270?
86
What is the highest common divisor of 120252 and 416372?
44
Calculate the highest common divisor of 6930935 and 279565.
1265
What is the highest common divisor of 53074580 and 160?
20
What is the greatest common factor of 40 and 743557320?
40
What is the highest common divisor of 247535 and 3937?
31
Calculate the greatest common factor of 101800 and 9737170.
5090
What is the highest common factor of 1444 and 827944?
76
Calculate the greatest common divisor of 52080 and 2897818.
434
Calculate the greatest common divisor of 84812568 and 7008.
1752
What is the greatest common factor of 76428198 and 252?
126
Calculate the greatest common factor of 928 and 637942.
58
What is the greatest common divisor of 166594 and 1674?
62
Calculate the highest common divisor of 522 and 3504621.
87
What is the greatest common factor of 1127810821 and 2091?
697
Calculate the highest common factor of 135 and 613320795.
135
What is the greatest common factor of 471 and 29884165?
157
What is the greatest common factor of 280 and 722627276?
28
What is the greatest common divisor of 34690466 and 17936?
2242
Calculate the greatest common factor of 17888 and 23671328.
1376
Calculate the highest common factor of 879195409 and 17.
17
Calculate the greatest common factor of 16625674 and 80522.
4238
Calculate the greatest common divisor of 25712575 and 5425.
175
Calculate the highest common divisor of 4619710 and 10.
10
What is the highest common divisor of 3333555 and 18855?
45
Calculate the highest common factor of 11258235 and 22185.
1305
Calculate the greatest common divisor of 70559262 and 4002.
4002
Calculate the greatest common factor of 450 and 3525050.
50
Calculate the highest common divisor of 13 and 97477042.
13
What is the greatest common divisor of 5339 and 61171171?
281
What is the highest common factor of 146175 and 53850?
75
Calculate the greatest common divisor of 47035 and 14835.
115
Calculate the greatest common factor of 244288 and 12199616.
704
What is the greatest common factor of 900843 and 140817?
1929
Calculate the greatest common factor of 6327027 and 882.
441
What is the highest common factor of 50949368 and 6200?
248
Calculate the highest common factor of 21905795 and 5.
5
Calculate the greatest common factor of 2808 and 58407336.
936
Calculate the highest common divisor of 26344 and 17908.
148
What is the highest common divisor of 2147694 and 318?
6
Calculate the greatest common divisor of 395 and 34207.
79
Calculate the greatest common divisor of 2820 and 11916051.
141
Calculate the greatest common divisor of 8563560 and 1965.
15
What is the highest common divisor of 23433699 and 366?
183
What is the highest common divisor of 4466150 and 4498?
26
Calculate the highest common divisor of 71272 and 41890.
118
Calculate the highest common divisor of 6202 and 29716883.
3101
Calculate the greatest common factor of 975 and 5203475.
25
Calculate the highest common divisor of 169533072 and 16704.
4176
What is the greatest common divisor of 855566 and 269082?
302
Calculate the greatest common factor of 9936 and 367264.
368
What is the greatest common divisor of 373182644 and 4?
4
What is the highest common divisor of 194911506 and 3988?
1994
Calculate the highest common divisor of 7484756 and 49661.
937
Calculate the greatest common divisor of 73 and 88006683.
73
What is the highest common factor of 72 and 710964144?
72
What is the greatest common factor of 1498 and 792562910?
214
What is the highest common divisor of 132689445 and 12255?
285
Calculate the highest common factor of 21375233 and 54723.
1073
Calculate the highest common factor of 709240 and 6680.
40
What is the highest common factor of 12242534 and 115166?
1294
What is the highest common factor of 372 and 52879552?
124
Calculate the highest common factor of 66792 and 7176.
552
What is the highest common divisor of 65 and 277806815?
65
What is the greatest common divisor of 19216264 and 104?
8
What is the highest common divisor of 43 and 29249159?
43
Calculate the highest common divisor of 109006779 and 147.
21
What is the highest common divisor of 888310 and 356590?
2110
What is the greatest common factor of 65 and 41531080?
5
What is the highest common factor of 1210 and 27080240?
110
Calculate the highest common factor of 3877534896 and 816.
816
Calculate the greatest common divisor of 1020 and 17010795.
255
What is the highest common factor of 76801977 and 8334?
4167
Calculate the greatest common divisor of 2077595 and 910.
65
Calculate the highest common factor of 45208 and 11104.
8
Calculate the highest common divisor of 273 and 2851199.
13
Calculate the highest common factor of 152661 and 129071.
337
Calculate the greatest common divisor of 37700 and 18453500.
1300
What is the highest common divisor of 330820 and 14518?
238
What is the highest common divisor of 85488704 and 96?
32
What is the highest common factor of 345 and 150005103?
69
What is the highest common factor of 1482 and 5601713?
247
Calculate the highest common divisor of 13496241 and 91638.
5091
Calculate the highest common divisor of 134939824 and 1368.
152
Calculate the greatest common factor of 29257130 and 40.
10
Calculate the greatest common factor of 11355084 and 2052.
684
Calculate the greatest common divisor of 3692 and 275275.
13
Calculate the greatest common factor of 160 and 786910.
10
Calculate the greatest common divisor of 1265286 and 120.
6
Calculate the greatest common factor of 42208965 and 12045.
1095
What is the highest common factor of 1424 and 157916972?
356
Calculate the greatest common factor of 612630 and 40770.
270
Calculate the greatest common factor of 136 and 4748372.
68
What is the greatest common divisor of 11374 and 3837174?
1034
What is the highest common divisor of 398706 and 148134?
42
What is the greatest common factor of 28 and 2848867?
7
Calculate the greatest common factor of 4389 and 36260455.
1463
Calculate the greatest common divisor of 131329703 and 47.
47
Calculate the highest common divisor of 720 and 7514928.
144
Calculate the greatest common factor of 715 and 11948937.
143
What is the highest common factor of 38957202 and 162?
18
What is the greatest common divisor of 648856013 and 5957?
851
What is the highest common divisor of 413 and 365323?
7
Calculate the greatest common divisor of 1996902 and 2.
2
What is the highest common divisor of 799 and 19770031?
17
Calculate the highest common divisor of 1299564 and 263580.
2292
Calculate the greatest common factor of 11289816 and 72.
72
What is the greatest common divisor of 1154736429 and 231?
231
What is the highest common divisor of 12 and 3592716?
12
Calculate the greatest common factor of 1130824419 and 3579.
3579
Calculate the highest common divisor of 51224660 and 500.
20
What is the highest common factor of 79 and 58954?
1
Calculate the highest common factor of 625921 and 662.
331
What is the greatest common factor of 103664912 and 304?
304
Calculate the highest common divisor of 2916 and 44278488.
972
What is the highest common divisor of 29214 and 16623?
9
What is the greatest common factor of 29601 and 105432?
69
Calculate the greatest common factor of 18107 and 614099.
19
What is the highest common divisor of 600005226 and 724?
362
Calculate the highest common factor of 1376414 and 126166.
634
Calculate the highest common divisor of 242628 and 492.
12
What is the greatest common divisor of 15737276 and 328?
164
Calculate the greatest common divisor of 26367 and 1779514.
517
Calculate the highest common factor of 7886983 and 193609.
689
Calculate the highest common factor of 333060 and 37440.
780
What is the greatest common factor of 1410480 and 184140?
540
What is the highes